5. What is the highest common divisor of 40 and j?
8
Let g = -3 + 5. Suppose -g*p = 8 - 62. Let b(a) = a**3 - 9*a**2 + 11*a - 6. Let n be b(8). Calculate the highest common factor of n and p.
9
Let x be (-10)/(-4)*6*(-8)/(-60). What is the highest common factor of 6 and x?
2
Suppose -1 - 15 = 2*t. Let l be 1161/21 + t/28. What is the greatest common factor of 22 and l?
11
Suppose 4*l - l = 36. Suppose -4 = -m + l. What is the highest common factor of 40 and m?
8
Suppose 3*a + 64 - 163 = 0. What is the highest common factor of 44 and a?
11
Suppose 5*i = 6*i - 42. Calculate the greatest common factor of 12 and i.
6
Suppose -4*n + 0*n + 120 = 0. Let o(q) = 2*q + 4. Let u be o(4). What is the highest common divisor of n and u?
6
Suppose 0 = -3*m + 5 - 20. Let q = m + 8. Calculate the highest common divisor of 9 and q.
3
Let k(w) = -w**2 - 11*w - 11. Let o be k(-9). What is the highest common factor of 49 and o?
7
Let o(q) = 6*q**2 - 1. Let s be o(1). Suppose s*u + 276 = 2*t + 2*t, -t + u + 68 = 0. Calculate the greatest common divisor of 8 and t.
8
Let g be (-4 - 3)/(-1 + 2). Let k be g*(2 + -3) + -4. Let p be 2/4*(1 - -3). What is the highest common divisor of p and k?
1
Let g(y) = 2*y**2 - 6*y + 6. Let a be g(4). Calculate the highest common divisor of 126 and a.
14
Let q be (4/2)/(2/(-17)). Let n = -11 - q. Calculate the highest common factor of n and 42.
6
Suppose -2*a + 38 = -98. Suppose 7*f = 3*f + 12. Suppose 3*u + 2 = 5, f*j - 54 = -3*u. Calculate the highest common factor of a and j.
17
Suppose c - 6*c + 4*x = -392, -3*c + x = -238. Calculate the greatest common divisor of 16 and c.
16
Let c be 5/(-15)*-33*(-1)/(-1). What is the greatest common factor of 33 and c?
11
Suppose g + 1 = -u, 4*u + g + 4*g + 6 = 0. Suppose 5*z - q = 10, q = -2*z + z - 4. What is the greatest common factor of u and z?
1
Let s = 215 - 115. Let n = s - 60. Let q be (-24)/10*n/(-6). What is the greatest common divisor of 16 and q?
16
Suppose -q = -5*q - 2*o + 26, -5*q = -3*o - 27. Suppose 7*f - q*f - 28 = 0. Let x = f - 17. What is the greatest common factor of 99 and x?
11
Suppose -27 = -5*o + 3. Suppose 2*m = o*m + 3*k - 3, -2*k = -2*m + 12. What is the greatest common factor of m and 9?
3
Let t = -5 + 10. Suppose 5*x = -t*u - 0*x + 30, -3*u + 14 = 2*x. Suppose 2*a = -u*w + 34, w = -4*a + 42 + 23. Calculate the highest common factor of 64 and a.
16
Let l be -2 + 159 - 2 - -1. Suppose 5*f = 3*q - l + 56, f = -q + 36. What is the greatest common factor of 14 and q?
7
Suppose 3*o - x - 22 = -3*x, -o + 13 = -5*x. Calculate the greatest common factor of 28 and o.
4
Let r be 0/(-2) - (-310)/2. Suppose 0 = -t + 5*k + r, 4*k = k - 12. Suppose -7*a = -53 - 52. What is the highest common divisor of t and a?
15
Suppose -2*p - 16 = -6*p. Suppose -2 = -p*a - 22, -a = -2*s + 17. Calculate the highest common divisor of 9 and s.
3
Let v(k) = 33*k**2 + 3*k. Let d be v(1). Calculate the greatest common divisor of 4 and d.
4
Let d = 13 - 3. What is the highest common factor of d and 70?
10
Let g = -115 + 165. Let w = -68 - -78. What is the highest common divisor of w and g?
10
Let b = 53 - 113. Let s = b - -84. What is the highest common factor of s and 8?
8
Let m = -1 + 1. Suppose m = -5*h + 10*h - 65. Calculate the highest common divisor of h and 39.
13
Let d = 47 + -14. What is the greatest common divisor of d and 11?
11
Let u be 5 - 2 - (2 - 1). Let k be 53/u + 1/2. Calculate the highest common factor of 9 and k.
9
Let a(h) = 16*h**2 + h. Let c = -3 - -4. Let b be a(c). Let f be (16/(-3))/(2/(-51)). Calculate the greatest common divisor of b and f.
17
Suppose -1470 = -13*n - 8*n. What is the highest common divisor of n and 14?
14
Suppose 0*l + l - 2*q = 0, -5*q + 5 = 0. Suppose b - 4*u = 88, b = -l*u + 143 - 43. Let x be 12 - 0*(-2)/6. What is the greatest common divisor of b and x?
12
Let k(z) = z**2 - 10*z + 6. Let u be k(10). What is the highest common factor of 42 and u?
6
Suppose 0*d - 35 = -2*d - 5*k, 5*k = 3*d + 10. Suppose 4*f = -2*g + 41 + 13, 0 = d*g + 5*f - 120. What is the highest common factor of 3 and g?
3
Suppose 0 = 4*d - 3*g - 210, 2*g + 47 = 3*d - 111. What is the highest common divisor of 6 and d?
6
Let s = -57 + 63. Calculate the highest common factor of s and 6.
6
Suppose 0 = c + 2*c - 90. What is the greatest common factor of c and 90?
30
Let o = 54 - -130. Calculate the highest common divisor of 23 and o.
23
Suppose -105 = 15*x - 20*x. What is the greatest common divisor of 3 and x?
3
Let b be (-12)/30 + 227/5. Calculate the greatest common divisor of 9 and b.
9
Suppose u + 4*u - 32 = -4*g, 0 = 3*u - 12. Let x = 188 - 187. What is the greatest common factor of x and g?
1
Let x(c) = 2*c - 2*c**3 - 6*c + 2*c + c. Let v be x(-3). What is the greatest common factor of 38 and v?
19
Let m(r) = 3*r**2 + 7*r + 8. Let w be m(-5). What is the highest common divisor of w and 16?
16
Let p(h) = -2*h - 5 + 2*h**2 + h**2 - h**3 + 3*h**2. Let y be p(5). Calculate the highest common factor of 10 and y.
10
Let x = -83 - -160. What is the greatest common factor of x and 11?
11
Let b be (-1 + -3)/(1 + -3). Suppose 3*z + 4*d = -18, 5*z - d + b*d = -30. Let p be 7/3 + (-4)/z. Calculate the highest common divisor of 24 and p.
3
Suppose 5*m + 2*k + 2*k - 16 = 0, k + 17 = 4*m. What is the greatest common factor of 44 and m?
4
Suppose -4*l + 128 = 4*f, -l + 4*l - f = 76. What is the greatest common divisor of l and 297?
27
Let c = -12 - -32. Let i be (-303)/(-12) - 5/c. What is the highest common divisor of i and 10?
5
Let q(o) = -4*o**3 + o + 1. Let v be q(-1). Let n be (-2)/(-4) - (-558)/36. Calculate the greatest common factor of n and v.
4
Suppose -2*z + 17 = -17. Suppose 7*n - 2*n - 21 = -v, 4*n - z = -v. Let r = 6 - v. What is the greatest common factor of r and 10?
5
Let z be -3 - (5730/(-27) + (-6)/(-27)). Calculate the highest common divisor of z and 19.
19
Suppose -z - z = -3*w - 27, 0 = -2*z - w + 7. Calculate the greatest common divisor of 30 and z.
6
Let l = 221 + -104. Calculate the highest common divisor of l and 13.
13
Let q(g) = 5*g - 9. Let r(a) = 3*a - 4. Let o(m) = 2*q(m) - 5*r(m). Let j be o(-2). Suppose 3*k = 5*k - 264. Calculate the highest common divisor of j and k.
12
Let u be 2/(-6) + (-498)/(-9). Suppose -5*k - 30 = -5*y, k = -3*y + 26 - 12. Calculate the highest common divisor of u and y.
5
Suppose -2*x + l + 38 = 0, 0 = 2*x + 3*l - 17 - 29. Calculate the highest common divisor of x and 10.
10
Let o be (-8)/2*(-5 - 9). Calculate the greatest common factor of o and 8.
8
Suppose 2*m + 4*v = 146, m - 2*v - 152 = -m. Suppose f = -3*w + 145, m = w + 4*f - 9*f. What is the greatest common divisor of 10 and w?
10
Let y(i) = 4*i - 6. Let z be y(6). Suppose 2*j - 90 = -5*n, -2*n + j - 54 = -5*n. What is the greatest common divisor of z and n?
18
Let i(y) = -y**3 + 7*y**2 - 8*y + 4. Let n be i(5). Suppose 5*r - 4 = 2*x + r, -n = x - 5*r. Let t = x + -3. Calculate the highest common divisor of 9 and t.
3
Let j = -137 + 281. Let y(t) = 13*t**2 - 3*t + 1. Let b be y(3). Suppose 3*f + 3*m - 57 = 0, -5*f - 4*m = 15 - b. What is the highest common factor of j and f?
18
Suppose 2*y = u + 91, -u + 95 = 2*y - 6*u. Let k = -95 - -113. Calculate the highest common divisor of k and y.
9
Let o(n) = -n**3 + 8*n**2 + 10*n - 4. Let u be o(9). What is the highest common factor of u and 25?
5
Let l = 13 + -8. Suppose l*g + 79 = -0*v + 3*v, -v - 3*g = -3. Calculate the highest common divisor of 126 and v.
18
Let b(c) = -2*c**3 - c**2 - c + 3. Let f be b(-4). What is the greatest common factor of f and 17?
17
Let l(r) = r + 13. Let g be l(-11). Suppose g*k = -k. Let d = 6 - k. What is the greatest common divisor of 15 and d?
3
Suppose -2*o - 40 = -112. What is the greatest common divisor of o and 18?
18
Let m(f) = 5*f + 85. Let p be m(18). What is the greatest common factor of p and 25?
25
Suppose -2*s + s + 8 = 0. What is the greatest common divisor of s and 40?
8
Let t be (-2 - (2 + -3)) + 0. Let j = t - -3. Let z be (6/(-15))/(4/(-40)). Calculate the highest common divisor of j and z.
2
Suppose 2*d - 195 = -3*d. Let n = 34 + -21. Calculate the greatest common factor of n and d.
13
Let p be 1/5 - 102/(-15). What is the greatest common factor of p and 77?
7
Suppose -2*w = -0*w